(-20).
-2
Let p(j) = 21*j - 63. Give p(3).
0
Let q(u) = 4*u + 4. Give q(-14).
-52
Let u(s) = -190*s - 1337. Determine u(-7).
-7
Let w(r) = 75*r - 227. Give w(3).
-2
Let k(x) = x**2 - 8*x - 1. Determine k(7).
-8
Let w(s) = 5*s + 57. What is w(-10)?
7
Let f(x) = -x**3 + 15*x**2 + 16*x + 6. Give f(16).
6
Let m(j) = j**2 + 15*j + 15. What is m(-9)?
-39
Let r(t) = 2*t - 3. What is r(-2)?
-7
Let l(n) = -3*n + 10. Give l(8).
-14
Let n(k) = 60*k + 56. Give n(-1).
-4
Let h(k) = -k - 58. Determine h(0).
-58
Let l(z) = -8*z + 9. Give l(10).
-71
Let a(t) = -20*t**2 + 5*t - 4. Calculate a(1).
-19
Let m(x) = x**3 - 10*x**2 + 6*x + 11. What is m(9)?
-16
Let m(x) = 11*x - 31. What is m(16)?
145
Let o(j) = j**3 + 22*j**2 - 25*j - 26. Give o(-23).
20
Let p(l) = 2*l**2 + 12*l + 29. Calculate p(-3).
11
Let z(l) = -l**2 - 27*l - 80. Calculate z(-24).
-8
Let a(t) = -3*t - 6. Determine a(-6).
12
Let t(z) = z**3 - 9*z**2 + 51. What is t(8)?
-13
Let g(p) = -p**3 + 5*p**2 - 7. Determine g(5).
-7
Let k(x) = -x**3 + 9*x**2 + 6*x + 10. Determine k(10).
-30
Let k(n) = 4*n - 4. Determine k(-4).
-20
Let v(p) = -p**3 + 11*p**2 + p - 11. Calculate v(11).
0
Let m(b) = 2*b**2 - 48*b + 122. Calculate m(21).
-4
Let h(c) = -29*c + 749. Determine h(26).
-5
Let n(y) = -y**3 + 3*y**2 + 5. What is n(4)?
-11
Let d(a) = -a + 11. Calculate d(5).
6
Let b(s) = 5*s + 4. Determine b(-2).
-6
Let x(i) = -i**3 - 8*i**2 - 6*i - 3. What is x(-7)?
-10
Let j(c) = -12*c**2 + 16*c - 9. Give j(1).
-5
Let a(d) = 20*d + 1. Calculate a(-1).
-19
Let g(p) = -2*p - 10. What is g(-8)?
6
Let y(q) = -3*q + 7. Determine y(2).
1
Let a(g) = 4*g**2 - g - 7. Give a(5).
88
Let m(i) = -3*i - 24. What is m(15)?
-69
Let p(d) = -18*d + 84. What is p(5)?
-6
Let b(g) = -4*g + 24. Give b(8).
-8
Let c(y) = -2*y**2 - 5*y + 19. Determine c(3).
-14
Let d(u) = 2*u - 22. What is d(9)?
-4
Let f(z) = -3*z**2 + 14*z + 12. Determine f(5).
7
Let f(g) = g**3 + 11*g**2 + 10*g - 9. Give f(-10).
-9
Let q(k) = k**3 - 23*k + 1. Determine q(5).
11
Let k(b) = -2*b**3 + 13*b**2 - 7*b + 2. What is k(6)?
-4
Let y(n) = -2*n**3 - 6*n**2 - n - 4. Give y(-4).
32
Let b(t) = 5*t - 35. Give b(-6).
-65
Let c(v) = v**2 + 44*v + 126. Determine c(-41).
3
Let p(x) = -x**3 - 11*x**2 + 23*x + 4. What is p(-13)?
43
Let k(j) = -2*j**2 + 31*j + 14. Determine k(16).
-2
Let w(h) = h - 1. Determine w(-5).
-6
Let t(g) = -71*g**3 + g**2 + g - 1. Give t(1).
-70
Let h(y) = 3*y - 6. Determine h(5).
9
Let z(m) = -8*m - 398. Give z(-51).
10
Let k(m) = -4*m + 20. Calculate k(7).
-8
Let r(i) = -8*i**3 + 6*i + 5. Calculate r(-1).
7
Let n(w) = -4*w**2 - 37*w - 34. Give n(-8).
6
Let j(d) = 36*d + 67. Give j(-3).
-41
Let b(p) = -4*p + 1. What is b(1)?
-3
Let b(z) = 24*z**3 - z. Give b(-1).
-23
Let q(a) = a**3 + 20*a**2 - 190*a - 28. What is q(-27)?
-1
Let v(y) = -2*y**2 - 2*y + 17. Give v(4).
-23
Let s(u) = -5*u - 15. Calculate s(-11).
40
Let f(l) = -l**3 - 2*l**2 - l - 8. Give f(-3).
4
Let c(x) = 6*x + 8. Determine c(-2).
-4
Let j(l) = -4*l - 1. Determine j(-13).
51
Let r(s) = -3*s + 31. What is r(9)?
4
Let s(f) = f + 7. Determine s(-11).
-4
Let p(i) = -10*i**2 - 29*i + 6. Give p(-3).
3
Let z(k) = -k**3 + 21*k**2 - 43*k + 93. Calculate z(19).
-2
Let a(s) = s**2 - 8*s + 6. Determine a(9).
15
Let k(s) = -9*s**3 + 2*s**2 + s. Give k(-1).
10
Let u(f) = -f**2 + 2*f + 3. Give u(-2).
-5
Let i(d) = 5*d - 2. Give i(1).
3
Let q(o) = o - 13. What is q(7)?
-6
Let r(j) = j**2 - 11*j. Calculate r(10).
-10
Let h(g) = -g - 14. Determine h(-6).
-8
Let d(a) = -a**2 - 5*a - 2. Calculate d(-4).
2
Let b(y) = -16*y - 167. What is b(-10)?
-7
Let x(q) = -26*q - 33. Determine x(0).
-33
Let p(v) = v**2 - 51*v + 159. What is p(48)?
15
Let z(w) = -13*w + 130. Calculate z(10).
0
Let y(x) = 4*x**2 + 65*x - 4. Give y(-16).
-20
Let l(b) = -6*b - 26. Determine l(-3).
-8
Let n(x) = -8*x**2 - x + 4. Calculate n(0).
4
Let a(s) = s**3 + 2*s**2 + 3*s + 50. Calculate a(0).
50
Let z(x) = 2*x**2 + 5*x - 5. What is z(2)?
13
Let a(k) = 4*k**2 + 3*k - 2. What is a(1)?
5
Let h(m) = -m**2 - 6*m + 12. Give h(-7).
5
Let q(k) = -k**3 - 15*k**2 - 24*k - 75. Determine q(-14).
65
Let c(p) = 2*p**3 - 2*p + 2. Give c(-2).
-10
Let r(u) = -2*u - 1. Give r(15).
-31
Let r(a) = a**3 + a**2 + 4*a + 1. What is r(-2)?
-11
Let c(i) = -14*i - 5. Determine c(3).
-47
Let j(k) = k**3 + 10*k**2 + 17*k + 10. Give j(-8).
2
Let s(x) = -x**3 - 12*x**2 + 11*x - 9. Calculate s(-13).
17
Let h(q) = q**3 + 7*q**2 + 4*q + 3. Determine h(-7).
-25
Let w(n) = 91*n - 1179. Give w(13).
4
Let k(b) = b**3 + 8*b**2 - 9*b + 14. Give k(-10).
-96
Let k(t) = 14*t. Give k(1).
14
Let c(p) = -p**2 + 6*p + 11. Calculate c(5).
16
Let v(t) = t - 22. Calculate v(7).
-15
Let a(g) = g**2 - 7*g + 2. Determine a(10).
32
Let q(h) = -4*h - 9. What is q(5)?
-29
Let a(d) = -d**2 + 20*d + 154. Determine a(-6).
-2
Let y(f) = f - 2. Give y(1).
-1
Let o(r) = 6*r + 6. Determine o(-4).
-18
Let h(j) = -2*j**3 + 29*j**2 - 15*j + 13. Determine h(14).
-1
Let j(w) = 3*w - 12. Give j(5).
3
Let h(t) = t**2 + 17*t - 24. Determine h(-18).
-6
Let m(j) = 2*j**2 - 1. Calculate m(1).
1
Let t(s) = s**2 - 6*s + 3. Calculate t(5).
-2
Let l(u) = -u**3 - 9*u**2 + 21*u - 11. Calculate l(-11).
0
Let y(l) = 35*l**3 - 2*l**2 + 2*l - 1. Calculate y(1).
34
Let r(g) = 4*g**3 - g**2 - g - 1. Give r(-1).
-5
Let w(l) = -4*l - 33. What is w(-16)?
31
Let q(t) = -10*t**3 - t**2 - 4*t - 3. Calculate q(-1).
10
Let z(n) = 19*n**2 + 43*n + 4. Give z(-2).
-6
Let m(p) = 2*p - 19. Calculate m(0).
-19
Let l(n) = 7*n + 10. Calculate l(-3).
-11
Let c(h) = h**2 + 4*h - 41. Determine c(-13).
76
Let l(m) = -43*m + 39. Give l(3).
-90
Let w(m) = 2*m**2 + 27*m + 37. Determine w(-12).
1
Let x(o) = o**3 + 6*o**2 - 4*o + 3. Calculate x(-7).
-18
Let q(z) = z - 4. What is q(8)?
4
Let m(o) = -2*o**2 - 4*o + 3. Determine m(4).
-45
Let v(s) = -s**3 + 6*s**2 - 8*s + 8. What is v(6)?
-40
Let r(x) = 14*x**3 + 2*x**2 - 1. What is r(1)?
15
Let m(z) = -z**3 - z**2 + z + 1. Calculate m(1).
0
Let s(i) = -i**3 - 9*i**2 - 3*i + 5. What is s(-7)?
-72
Let c(t) = -8*t + 225. What is c(28)?
1
Let v(l) = l**3 + 9*l**2 - 35*l + 6. Determine v(-12).
-6
Let d(p) = p**3 - 56*p**2 - 3*p + 169. Calculate d(56).
1
Let r(p) = -19*p. Determine r(-2).
38
Let t(v) = -v**3 - 2*v**2 - 3*v + 35. Calculate t(0).
35
Let n(b) = -3*b**3 - 3*b**2 - 2*b + 1. What is n(-2)?
17
Let o(b) = 2*b**3 + 49*b**2 + 24*b + 5. Give o(-24).
5
Let d(u) = 8*u**2 - 2*u - 2. What is d(3)?
64
Let r(h) = -h**2 + 11*h - 18. Calculate r(4).
10
Let f(s) = s**2 - 2*s - 71. Determine f(9).
-8
Let g(l) = -4*l - 8. Determine g(-8).
24
Let q(u) = -u**2 + 14*u + 7. What is q(15)?
-8
Let q(n) = -2*n + 14. What is q(-7)?
28
Let n(d) = 2*d**3 - 2*d**2 + 2*d + 3. Determine n(3).
45
Let x(d) = d**3 + 6*d**2 - 2. Determine x(-6).
-2
Let r(b) = -b**2 + 5*b + 7. Calculate r(6).
1
Let a(u) = -5*u - 60. Give a(-14).
10
Let v(n) = -51*n**2 + 1. Determine v(1).
-50
Let x(u) = -u**2 + 15*u - 35. Give x(12).
1
Let f(y) = y**3 - 4*y**2 - 2*y - 5. Give f(5).
10
Let c(q) = -2*q + 18. Calculate c(9).
0
Let f(j) = 15*j - 35. Determine f(7).
70
Let i(k) = -k - 4. Give i(10).
-14
Let d(l) = -2*l**3 + 3*l**2 - 2*l. Give d(2).
-8
Let m(w) = w**3 - 4*w**2 - 3*w - 5. Calculate m(4).
-17
Let c(v) = 3*v + 7. Give c(8).
31
Let i(z) = z**2 - 14*z - 22. Calculate i(7).
-71
Let h(p) = -4*p**3 - 4*p**2 - 5*p - 1. Give h(-2).
25
Let b(o) = o**3 - 6*o**2 - 4. Calculate b(6).
-4
Let u(j) = j**2 - 28*j + 56. Give u(28).
56
Let p(b) = 2*b**2 + 20*b - 20. Determine p(-10).
-20
Let f(d) = -21*d - 804. Give f(-38).
-6
Let n(m) = 2*m**2 + 61*m + 87. Determine n(-29).
0
Let f(r) = -2*r**3 - 7*r**2 + 41*r - 2. What is f(3)?
4
Let h(s) = -15*s + 59. What is h(4)?
-1
Let o(y) = -31*y**2 - 187*y - 8. Calculate o(-6).
-2
Let c(q) = q**3 + 7*q**2 + 6*q + 2. Give c(-6).
2
Let c(v) = -2*v - 9. Calculate c(0).
-9
Let o(g) = g**2 + 12*g + 15. Determine o(-11).
4
Let c(u) = -u**2 + 7*u - 1. What is c(6)?
5
Let j(y) = 2*y**2 - 34*y + 10. What is j(15)?
-50
Let s(y) = y**3 + 24*y**2 - 21*y + 94. Give s(-25).
-6
Let q(r) = -r**3 + 3*r**2 + 7*r - 12. Determine q(4).
0
Let b(i) = -34*i - 5. Calculate b(-3).
97
Let q(v) = v**3 + 2*v**2 + 4*v + 2. Give q(-2).
-6
Let m(h) = h**3 + 28*h**2 + 26*h - 20. Determine m(-27).
7
Let x(j) = -2*j**3 + 21*j**2 - 7*j 